/216)?
8
Let w be (-1)/2*(-2 + 10). Suppose 2*i = -1 + 13. What is the units digit of (3/i + -2)*w?
6
Suppose 5*b + 5*o - 340 = 0, -4*b + b + 208 = 2*o. Suppose 5*f - 18 - b = 0. What is the units digit of f?
8
Suppose -7*c + 100 = 5*h - 2*c, 4*c = 3*h - 39. What is the units digit of h?
7
Let i(r) be the first derivative of -3*r**2 - 6*r - 5. What is the units digit of i(-5)?
4
Suppose 4*f + 4*w - 1604 = -452, 4*w + 1395 = 5*f. What is the hundreds digit of f?
2
Let q(l) = 4*l**2 + 2*l. Let y be q(-2). Suppose y = 5*b - o, -14 = 3*b - 5*b + 5*o. Suppose -b*d = -d - 12. What is the units digit of d?
2
Let o = -5 + 8. Suppose -30 = -o*b + 39. What is the tens digit of b?
2
Let p(c) = -c - 4. Let l(n) = -3*n - 9. Let h(w) = 2*l(w) - 5*p(w). What is the units digit of h(-5)?
7
Let b(h) be the first derivative of -h**2/2 - 2*h - 2. What is the units digit of b(-4)?
2
Let m = -6 - -8. Let n(q) = 8*q - 1. What is the tens digit of n(m)?
1
Let v = 36 + -31. What is the units digit of v?
5
Let y(h) = h**3 - 12*h**2 - 12*h - 10. Let s be y(13). Let c = 2 + 0. Suppose s*a = c*a + 6. What is the units digit of a?
6
Suppose -3*c + 0*c = 27. Let s(x) = -x**3 - 11*x + 23*x**2 - 33*x**2 - 6 + 0. What is the units digit of s(c)?
2
Let u = -1 - -4. Suppose -7*q + q = 0. Let l = q + u. What is the units digit of l?
3
Suppose 86 + 43 = 3*q. What is the tens digit of (q + -3)/4 - 0?
1
Let p = -10 + 21. What is the tens digit of p?
1
What is the tens digit of (-32)/240 - 2312/(-15)?
5
What is the tens digit of (-12084)/(-33) + (-4)/22?
6
Suppose 4*a + 17 = -7. Suppose 2*k = -2*f - f + 43, -3*k = -4*f + 29. Let u = a + f. What is the units digit of u?
5
Suppose -8*a = -3*a - 5, p + 45 = -3*a. Let h = 71 + p. What is the tens digit of h?
2
Suppose -3*j = 4*i - 12, 4*j = -2*i + j + 12. Suppose i = 3*x - 16 - 2. What is the units digit of x?
6
Let j(i) = 2*i**2 + 2*i + 3. What is the tens digit of j(-4)?
2
Let s be ((-3014)/4)/(17/34). What is the tens digit of s/(-99) + 2/(-9)?
1
Suppose -5 = -2*y + 73. Let w = y + -19. What is the units digit of w?
0
Let k = 84 + 18. What is the tens digit of k?
0
Let a(g) = 2*g - 2 - 5*g**3 + 6*g**2 - 5*g + 4*g**3 - g. What is the tens digit of a(4)?
1
Suppose 5*n - 20 = n, 4*f - n - 15 = 0. Suppose f*w - 60 = -0*w. What is the units digit of w?
2
Let i(d) = 59*d**2 + 4*d + 6. What is the hundreds digit of i(-2)?
2
Let d(l) = -l**2 + 7*l + 6. Let w be d(8). Let b be w/(-11) + 480/22. Suppose -i + 0 = -2, 4*i = 3*n - b. What is the units digit of n?
0
Let z(u) = u**3 + 2*u**2 - 5*u - 3. Let p be z(-3). Suppose -p*q + 4*q - 8 = 0. Suppose -1 = -b + q. What is the units digit of b?
9
Let w(z) = z**2 + 8*z + 6. Let p be w(-5). What is the units digit of (p/(-5))/(1/5)?
9
Let c(p) = p**2 - 8*p + 14. Let j(t) = -3*t + 4. Let n be j(-2). What is the tens digit of c(n)?
3
Let t(d) = 203*d**2 + 2*d. What is the units digit of t(1)?
5
Let s(r) = -8*r - 11. What is the units digit of s(-6)?
7
Let a(o) = -o**3 + 6*o**2 - 6*o + 1. Let x be a(4). Suppose -x = 5*h - 29. Suppose 0 = 3*v + 5*u - 10, 10*v - 5*v = -h*u + 21. What is the units digit of v?
5
Suppose -5*g = 3*k - 4 + 1, 4*k = -g + 4. Suppose g = -5*m - 20 + 65. What is the units digit of m?
9
Suppose -z = 1 - 2. Let c(t) = 8*t**2 - 6*t - 8. Let m(l) = -3*l**2 + 2*l + 3. Let g(n) = -4*c(n) - 11*m(n). What is the units digit of g(z)?
2
Suppose p + 1 + 37 = -5*v, -5*p + 10 = 0. Let r(q) = q**3 + 9*q**2 + q - 3. Let d be r(-9). What is the units digit of (-6)/v - 3/d?
1
Let w be 68/7 - (-4)/14. Let p = 15 - w. What is the units digit of p?
5
Let v be ((-2)/(-4))/((-6)/(-792)). Suppose y + y - v = 0. What is the units digit of y?
3
Let u = -22 - -26. Suppose -29 - 83 = -u*a. What is the units digit of a?
8
Let p(r) be the second derivative of -r**4/12 - 5*r**3/3 + 11*r**2/2 - 3*r. What is the tens digit of p(-10)?
1
Let w = 3 - 4. What is the units digit of w/(-2) - (-51)/6?
9
Let g(t) be the second derivative of 1/12*t**4 - 1/6*t**3 + 11/2*t**2 - 3*t + 0. What is the units digit of g(0)?
1
Suppose r - 3*r = -3*g - 16, -5*g - 22 = -r. What is the units digit of r?
2
Suppose -4*s + u = -4*u - 132, 5*s - u - 144 = 0. Let i be 6/(-9) + s/(-3). Let y = 18 + i. What is the units digit of y?
8
Suppose 0 = b - 4*b - 42. Let j(a) = a + 18. What is the units digit of j(b)?
4
Suppose 0*m = -5*m. Suppose m = -2*g - g + 90. What is the tens digit of g?
3
Let h be (-1)/((-2)/(-4)*-1). Suppose -2*z - h = -6. Suppose z = -5*c + 12. What is the units digit of c?
2
Suppose -b = 2*b - 192. Suppose -5*p + 20 = -p - x, -2*x = -3*p + 20. Suppose -4*f + b = 4*n, p*f - n - 22 = 42. What is the tens digit of f?
1
What is the units digit of 1/((-4)/(-80) - 0)?
0
Suppose 5*f = -5*r + 25, -37 = -4*r - 5*f - 13. Let q be (-1)/(-1) + -1*r. Suppose 2*j - 7 - 3 = q. What is the units digit of j?
5
Suppose 0 - 4 = y. What is the units digit of (y/6)/((-2)/27)?
9
Suppose -j - 2*j = -717. Suppose -4*g = -j + 79. What is the units digit of g?
0
Let k = 1 - -2. What is the units digit of k?
3
Let c = 0 - -2. Suppose -3*d = -4*d - 4*w + 10, d - 8 = -c*w. Suppose 3*z + 0*z = d. What is the units digit of z?
2
Let t = 2 + 3. Suppose 5 = -2*a + 1. Let p = a + t. What is the units digit of p?
3
Suppose 0 = -2*i - 0*h + 2*h + 158, 0 = -2*i + 4*h + 156. What is the tens digit of i?
8
Let d = -4 + 3. Let r = d + 1. Let g(s) = s**2 - s + 2. What is the units digit of g(r)?
2
Suppose -4*x + 2*x = -154. What is the units digit of x?
7
Let y = -16 - -16. Suppose y = 4*f - 2*f - 76. What is the tens digit of f?
3
Let k(w) = -w**3 + 5*w**2 + 5*w + 1. Let x = 16 - 10. Let j be k(x). What is the units digit of 0 + 2 - 10/j?
4
Let d(l) = -19*l - 2. What is the units digit of d(-1)?
7
Let k = -123 - -269. What is the units digit of k?
6
Let q(s) = -2*s - 1. Suppose 0*x - 3 = 3*x. What is the units digit of q(x)?
1
Let v be 6/3*(2 - 1). Suppose x + s - v = -x, -4*x = s - 2. Suppose x = 2*t + 2*t - 12. What is the units digit of t?
3
Let i(p) = 6*p**2 - p - 1. Let t(u) = u + 4. Let l be t(-5). Let c be i(l). Let k = -2 + c. What is the units digit of k?
4
Suppose 0 = -4*b - 4*b + 376. What is the tens digit of b?
4
Let o(r) = r**2 - 7*r + 12. What is the units digit of o(5)?
2
Let d be (-1)/((-1)/(-105)*-1). Let q be d/4 - 7/28. Suppose -22 = -4*s + q. What is the units digit of s?
2
What is the tens digit of ((-306)/21)/(5/(-35))?
0
Let v = 175 + -80. What is the units digit of v?
5
Let k be (6/(-7))/((-3)/21). Let x be 8*(-2 + 15/k). Suppose -3*i - 9 = x*r - r, -5*r + 25 = -5*i. What is the units digit of r?
1
Let p = 128 + -95. What is the units digit of p?
3
Let h(q) be the second derivative of 13*q**4/6 + q**2/2 - 3*q. What is the tens digit of h(1)?
2
Let q = 8 - 15. Let v = -5 - q. What is the units digit of v?
2
Let y(g) = -g**2 + 12*g - 5. Let j = 22 + -14. What is the tens digit of y(j)?
2
Let t(b) = -b + 8. Let g be t(6). Let o = 11 + -7. Suppose g*x + 7 = u, -6*x - 34 = -o*u - x. What is the tens digit of u?
1
Let m = 122 - 68. Suppose 4*u - 2*f = m, -2*u + 4*f - 8*f = -12. What is the units digit of u?
2
Suppose 0 = -v - 0*v - 12. Let x = v + 32. What is the tens digit of x?
2
Suppose 2*h + 13 = -5*s, s + 4*s + 17 = 2*h. Let g(l) = 26*l**3 - l + 1. Let p be g(h). Let m = p - 8. What is the units digit of m?
8
Let k(g) = g**3 - 7*g**2 + 7*g - 2. Let r be k(6). Let x = -18 + 26. Let p = x - r. What is the units digit of p?
4
Suppose -4*k - 2*v = -10, v - 2*v + 3 = k. Suppose -2*q - 2*u - 9 = -3, -2*q + k*u = -10. What is the units digit of q?
1
Suppose 2*h = 6*h - 140. Let a(u) = 5*u + 1. Let z be a(2). Suppose -4*r + h = z. What is the units digit of r?
6
Let w(j) = 3*j**2 + 6*j - 5. Let n be w(-6). Suppose -n = -4*s + 21. What is the units digit of s?
2
Let g(l) = -l**3 - 4*l**2 + 2*l + 3. Let h be g(-4). What is the units digit of ((-38)/(-4))/(h/(-10))?
9
Suppose -b + 1 = -q - 4, 3*q + 19 = 5*b. What is the tens digit of 4/(1/8*b)?
1
Let j(v) = 119*v + 2*v**2 + 3*v**3 - 120*v - v**3. What is the tens digit of j(2)?
2
Let o be (18/5)/((-1)/(-5)). Suppose 0 = -4*k + 4*h + 48, -3*h - o = k - 2*k. What is the units digit of k?
9
Let l(y) = 4*y - 3. Suppose -3*o = 6 - 15. What is the units digit of l(o)?
9
Suppose -2*w = -6*w - 36.